{"id":872,"date":"2016-07-04T15:45:26","date_gmt":"2016-07-04T14:45:26","guid":{"rendered":"http:\/\/www.divipassion.com\/?page_id=872"},"modified":"2016-07-04T16:27:10","modified_gmt":"2016-07-04T15:27:10","slug":"portee-nationale","status":"publish","type":"page","link":"https:\/\/www.divipassion.com\/?page_id=872","title":{"rendered":"Port\u00e9e nationale"},"content":{"rendered":"<h2>Conf\u00e9rences, colloques<\/h2>\n<ul>\n<li>Colloques <em><strong>Suppl\u00e9ments d\u2019elles<\/strong><\/em>\u00a0:\u00a0<em>Du je au nous,<\/em> 4 s\u00e9ances,<em> R\u00e9sistance et\/ou r\u00e9silience<\/em> 3 s\u00e9ances,<\/li>\n<li>\u00a0<strong>Action contre la faim<\/strong>\n<ul>\n<li>Assembl\u00e9e g\u00e9n\u00e9rale ACF : diffusion en live sur 2 jours en 2016, montage de vid\u00e9os th\u00e9matiques les ann\u00e9es pr\u00e9c\u00e9dentes<\/li>\n<li>Enregistrement de 6 conf\u00e9rences de \u00ab\u00a0Fran\u00e7oise Giroud\u00a0\u00bb en 2014 et 2015 <a href=\"http:\/\/www.grotius.fr\/?s=giroud\" target=\"_blank\">(voir site Grotius international)<\/a><\/li>\n<\/ul>\n<\/li>\n<li><strong>Humacoop<\/strong> : participation et enregistrement vid\u00e9o des\u00a0<a href=\"http:\/\/www.humacoop.com\/conferences\/etats-generaux\/programme.html\" target=\"_blank\">Etats g\u00e9n\u00e9raux <\/a>de l&rsquo;action humanitaires \u00e0 Grenoble<\/li>\n<li>Cr\u00e9ation et montage d&rsquo;une vid\u00e9o pr\u00e9paratoire dans le cadre de la<strong> COP 21<\/strong> avec le Collectif climat nord Essonne (CCNE)<\/li>\n<li>Conf\u00e9rences et des ateliers du <em><strong>Festival EMA<\/strong><\/em> sur les usages num\u00e9riques. Playlists :\n<ul>\n<li class=\"western\"><span lang=\"zxx\"><a href=\"http:\/\/www.dailymotion.com\/playlist\/x1abm4_DiViPassion_festival-ema-les-reseaux-sociaux\">Festival EMA les r\u00e9seaux sociau\u2026<\/a><\/span><\/li>\n<li class=\"western\"><span lang=\"zxx\"><a href=\"http:\/\/www.dailymotion.com\/playlist\/x1pkk2_DiViPassion_festival-usages-numeriques\">Festival Usages Num\u00e9riques<\/a><\/span><\/li>\n<\/ul>\n<\/li>\n<\/ul>\n","protected":false},"excerpt":{"rendered":"<p>Conf\u00e9rences, colloques Colloques Suppl\u00e9ments d\u2019elles\u00a0:\u00a0Du je au nous, 4 s\u00e9ances, R\u00e9sistance et\/ou r\u00e9silience 3 s\u00e9ances, \u00a0Action contre la faim Assembl\u00e9e g\u00e9n\u00e9rale ACF : diffusion en live sur 2 jours en 2016, montage de vid\u00e9os th\u00e9matiques les ann\u00e9es pr\u00e9c\u00e9dentes Enregistrement de &hellip; <a href=\"https:\/\/www.divipassion.com\/?page_id=872\">Lire la suite <span class=\"meta-nav\">&rarr;<\/span><\/a><\/p>\n","protected":false},"author":2,"featured_media":0,"parent":0,"menu_order":0,"comment_status":"closed","ping_status":"closed","template":"","meta":{"footnotes":""},"class_list":["post-872","page","type-page","status-publish","hentry"],"_links":{"self":[{"href":"https:\/\/www.divipassion.com\/index.php?rest_route=\/wp\/v2\/pages\/872","targetHints":{"allow":["GET"]}}],"collection":[{"href":"https:\/\/www.divipassion.com\/index.php?rest_route=\/wp\/v2\/pages"}],"about":[{"href":"https:\/\/www.divipassion.com\/index.php?rest_route=\/wp\/v2\/types\/page"}],"author":[{"embeddable":true,"href":"https:\/\/www.divipassion.com\/index.php?rest_route=\/wp\/v2\/users\/2"}],"replies":[{"embeddable":true,"href":"https:\/\/www.divipassion.com\/index.php?rest_route=%2Fwp%2Fv2%2Fcomments&post=872"}],"version-history":[{"count":4,"href":"https:\/\/www.divipassion.com\/index.php?rest_route=\/wp\/v2\/pages\/872\/revisions"}],"predecessor-version":[{"id":879,"href":"https:\/\/www.divipassion.com\/index.php?rest_route=\/wp\/v2\/pages\/872\/revisions\/879"}],"wp:attachment":[{"href":"https:\/\/www.divipassion.com\/index.php?rest_route=%2Fwp%2Fv2%2Fmedia&parent=872"}],"curies":[{"name":"wp","href":"https:\/\/api.w.org\/{rel}","templated":true}]}}