{"id":8,"date":"2010-12-04T20:23:14","date_gmt":"2010-12-04T19:23:14","guid":{"rendered":"http:\/\/www.divipassion.com\/?page_id=8"},"modified":"2022-05-26T06:18:15","modified_gmt":"2022-05-26T05:18:15","slug":"nos-videos","status":"publish","type":"page","link":"https:\/\/www.divipassion.com\/?page_id=8","title":{"rendered":"Cr\u00e9ations"},"content":{"rendered":"<h1 style=\"text-align: center;\"><\/h1>\n<h1 style=\"text-align: center;\"><a href=\"https:\/\/www.divipassion.com\/wp-content\/uploads\/2010\/12\/image-2-e1467122493880.jpg\"><img loading=\"lazy\" decoding=\"async\" class=\"alignnone size-full wp-image-789\" src=\"https:\/\/www.divipassion.com\/wp-content\/uploads\/2010\/12\/image-2-e1467122493880.jpg\" alt=\"image-2\" width=\"1000\" height=\"480\" \/><\/a><\/h1>\n<h1 style=\"text-align: center;\"><span style=\"color: #800080; font-size: 32px;\">Principales vid\u00e9os cr\u00e9\u00e9es par DiViPassion et\/ou ses membres<\/span><\/h1>\n<h1 style=\"text-align: center;\"><span style=\"color: #800080;\"><span style=\"font-size: 32px;\"><strong>Documentaires<\/strong><\/span><\/span><\/h1>\n<ul>\n<li>2019-2020 : film sur la francophonie en Roumanie, suite au voyage d&rsquo;une \u00e9quipe DiViPassion \u00e0 Bucarest et Sina\u00efa pr\u00e9sent\u00e9 aux festivals DiViPassion 2021 et M\u00e9li\u00e8s 2022 avec le prix du meilleur montage.<a href=\"https:\/\/www.youtube.com\/watch?v=7D6KKE-oxk4\">https:\/\/www.youtube.com\/watch?v=7D6KKE-oxk4<\/a><\/li>\n<li>2019 r\u00e9alisation d&rsquo;un <a href=\"https:\/\/www.youtube.com\/watch?v=B1G_fvmjg7o\" target=\"_blank\" rel=\"noopener noreferrer\">court-m\u00e9trage<\/a> sur le <strong>25e anniversaire du jumelage des villes Athis-Mons et Sina\u00efa\u00a0<a href=\"https:\/\/www.youtube.com\/watch?v=B1G_fvmjg7o\">https:\/\/www.youtube.com\/watch?v=B1G_fvmjg7o<\/a><\/strong><\/li>\n<\/ul>\n<h1 style=\"text-align: center;\"><span style=\"color: #800080;\"><span style=\"font-size: 32px;\"><strong>Fictions<\/strong><\/span><\/span><\/h1>\n<ul>\n<li><strong>Acc\u00e8s au film nouvellement r\u00e9alis\u00e9 par Divipassion sur le soldat Kennedy,<\/strong> (soldat irlandais enterr\u00e9 au carr\u00e9 militaire d\u2019Athis). Ce film a \u00e9t\u00e9 projet\u00e9 en boucle, tout au long de l\u2019exposition sur 14-18, organis\u00e9e par la municipalit\u00e9 \u00e0 l\u2019espace Ren\u00e9 l\u2019Helguen \u00e0 Athis-Mons ; voir sur Youtube parmi les productions en ligne de Divipassion : <a href=\"https:\/\/youtu.be\/6zbzCiuei5w\" target=\"_blank\" rel=\"noopener noreferrer\" data-saferedirecturl=\"https:\/\/www.google.com\/url?q=https:\/\/youtu.be\/6zbzCiuei5w&amp;source=gmail&amp;ust=1542791023683000&amp;usg=AFQjCNEx6pDhodSHewGwtrLsfzphs9TpnQ\">https:\/\/youtu.be\/6zbzCiuei5w<\/a><\/li>\n<li><em><a href=\"http:\/\/divipassion.over-blog.com\/2017\/05\/faut-s-decider.html\" target=\"_blank\" rel=\"noopener noreferrer\">Faut s&rsquo;d\u00e9cide<\/a>r<\/em> de Serge Barthelemy, a \u00e9t\u00e9 pr\u00e9sent\u00e9 au concours de la D1 de 2017<\/li>\n<li><i>Le dernier roman\u00a0<\/i>de Matthieu Morandeau , s\u00e9lectionn\u00e9 pour le concours national de la FFCV 2016<\/li>\n<li><a href=\"http:\/\/www.dailymotion.com\/video\/x18k9vl_prix-du-public-pour-resistante-de-m-morandeau-au-7eme-festival-divipassion_shortfilms\" target=\"_blank\" rel=\"noopener noreferrer\"><em>R\u00e9sistante<\/em><\/a> de\u00a0 Matthieu Morandeau, 7e festival, prix du public<\/li>\n<li><em><a href=\"http:\/\/www.dailymotion.com\/video\/x3dm5v3_ya-toujours-une-solution_shortfilms\">Ya toujours une solution<\/a><\/em> de Serge Barthelemy, M\u00e9lies d&rsquo;argent au festival 2016 division 2<\/li>\n<li><a href=\"http:\/\/www.dailymotion.com\/video\/x4lec7l_plus-grand-que-la-legende-de-patrick-armenault_shortfilms\" target=\"_blank\" rel=\"noopener noreferrer\"><em>Plus grand que la l\u00e9gende<\/em> <\/a>de Patrick Armenault, M\u00e9lies de bronze au festival 2016 division 2<\/li>\n<li><a href=\"http:\/\/www.dailymotion.com\/video\/x4jxcqo_les-belles-americaines-de-gerard-bellina_shortfilms\" target=\"_blank\" rel=\"noopener noreferrer\"><em>Les belles am\u00e9ricaines<\/em><\/a> de G\u00e9rard Bellina, 9e festival<\/li>\n<li><a href=\"http:\/\/www.dailymotion.com\/video\/x4jx85n_balade-newyorkaise-de-jean-louis-michaely_shortfilms\" target=\"_blank\" rel=\"noopener noreferrer\">\u00a0<em>Ballade newyorkaise<\/em><\/a> de Jean-louis Micha\u00e9ly, 9e festival<\/li>\n<li><a href=\"http:\/\/www.dailymotion.com\/video\/x18erwf_coup-de-coeur-diviassion-sisters-shadow-au-7eme-festival-divipassion_shortfilms\" target=\"_blank\" rel=\"noopener noreferrer\"><em>Sisters shadow<\/em><\/a>, collectif Clos Nollet, M\u00e9lies de bronze au festival 2016 division 2, coup de coeur au 7e festival<\/li>\n<li><em><a href=\"http:\/\/www.dailymotion.com\/video\/xvlons_piege-mortel-dans-le-hoggar_shortfilms\" target=\"_blank\" rel=\"noopener noreferrer\">Pi\u00e8ge mortel dans le Hoggar<\/a>\u00a0<\/em>de\u00a0Gilles Cousin<\/li>\n<li><em><a href=\"http:\/\/www.dailymotion.com\/video\/x93gcz_idioties-entre-potes_shortfilms\" target=\"_blank\" rel=\"noopener noreferrer\">Idiotie entre potes<\/a>, <\/em>par les jeunes du Noyer Renard accompagn\u00e9s par\u00a0Yan Ballereau<\/li>\n<li><em><a href=\"http:\/\/www.dailymotion.com\/video\/xzx1t7_i-p-m_shortfilms\">I.P.M<\/a><\/em> de Matthieu Morandeau (\u00ab\u00a0Ivresse publique et manifeste\u00a0\u00bb)<\/li>\n<li><em><a href=\"http:\/\/www.dailymotion.com\/video\/xz1you_la-ruee-vers-le-stage_shortfilms\">La ru\u00e9e vers le stage\u00a0 <\/a><\/em>avec et par les enfants de Gosciny, encadr\u00e9s par Matthieu Morandeau<span style=\"color: #800000;\"><br \/>\n<\/span><\/li>\n<li><em><a href=\"http:\/\/www.dailymotion.com\/video\/x6x398_la-mante_shortfilms\">La mante <\/a><\/em>, collectif DiViPassion<\/li>\n<li><em><a href=\"http:\/\/www.dailymotion.com\/video\/x1n1uwd_les-fils-du-vent-de-gilles-cousin_shortfilms\"><em>\u00ab\u00a0Les fils du Vent<\/em>\u00a0\u00bb de Gilles COUSIN <\/a>de Gilles COUSIN<\/em><\/li>\n<li><a href=\"http:\/\/www.dailymotion.com\/video\/xcty0x_tel-est-pris-qui-croyait-prendre_shortfilms\"><em> Tel est pris, qui croyait prendre !<\/em> <\/a>Le film \u00ab\u00a0Tel est pris\u00a0\u00bb a \u00e9t\u00e9 r\u00e9alis\u00e9 par DiViPassion dans le cadre du projet \u00ab\u00a0Regards Crois\u00e9s\u00a0\u00bb. Pr\u00e9sent\u00e9 \u00e0 la \u00ab\u00a0Coupe de l&rsquo;Amiti\u00e9\u00a0\u00bb \u00e0 Vanves, il a re\u00e7u <a href=\"http:\/\/Service Jeunesse et DiViPassion : Remise de prix pour le film &quot;Tel est pris&quot;\">le prix \u00ab\u00a0Coup de Coeur\u00a0\u00bb <\/a>d\u00e9cern\u00e9 aux jeunes du Service Municipal de la Jeunesse d&rsquo;Athis-Mons ( Espace&#8230;<\/li>\n<li><em><a href=\"http:\/\/www.dailymotion.com\/video\/xbx3ay_du-cocon-a-la-soie-de-gerard-bellin_travel\">Du cocon \u00e0 la soie<\/a><\/em> de G\u00e9rard Bellina<\/li>\n<li><a href=\"http:\/\/www.dailymotion.com\/video\/xx2enj_l-amour-presque-parfait-de-beatrice-marlone_shortfilms\"><em>\u00ab\u00a0L&rsquo;amour presque parfait<\/em> \u00a0\u00bb de B\u00e9atrice Marlon\u2026<\/a><\/li>\n<\/ul>\n<p style=\"text-align: center;\"><span style=\"font-size: 32px;\"><strong><span style=\"color: #800080;\">Les reportages<\/span><\/strong><\/span><\/p>\n<p class=\"western\"><strong>de Daniel Gressy<\/strong> <em><a href=\"http:\/\/www.dailymotion.com\/video\/xcw9yg_un-enfant-de-la-butte_webcam\">Un enfant de la butte<\/a><\/em><\/p>\n<p class=\"western\"><strong>de Gilles Cousin, Sur la route de la soie,<\/strong>\u00a0 playlist de 5 vid\u00e9os\u00a0\u00a0 <a href=\"http:\/\/www.dailymotion.com\/playlist\/x2naqu_DiViPassion_route-de-la-soie\">http:\/\/www.dailymotion.com\/playlist\/x2naqu_DiViPassion_route-de-la-soie<\/a><\/p>\n<ul>\n<li>La route de la soie &#8211; La Mongolie F\u00eate du Naadam &#8211; Courses de chevaux &#8211; Gilles Cousin<\/li>\n<li>La route de la soie &#8211; La Mongolie F\u00eate du Naadam &#8211; Lutte mongole- Gilles Cousin<\/li>\n<li>La route de la soie &#8211; La Mongolie F\u00eate du Naadam C\u00e9r\u00e9monie &#8211; Gilles Cousin<\/li>\n<li>Route de la soie &#8211; Mongolie f\u00eate du Naadam musique danse et chant<\/li>\n<li>D\u00e9part de Gilles Cousin et Christian Soteau pour la route de la soie<\/li>\n<li>Le 4&#215;4 de Gilles et Christian pour la route de la soie<\/li>\n<\/ul>\n<p><strong>de R\u00e9gis Garcia et DiviPassion \u00a0<\/strong><a href=\"http:\/\/www.dailymotion.com\/playlist\/xs2ak_DiViPassion_cap-2009\">CAP 2009\u00a0 : <\/a>de la construction \u00e0 la mise \u00e0 l&rsquo;eau, Cap 2009<\/p>\n<p><strong>de Patrick Armenault<\/strong> : <a href=\"http:\/\/www.dailymotion.com\/video\/xu1cxk_tonle-sap_travel\">Tonle Sap<\/a><\/p>\n<p>et aussi :<\/p>\n<p><em><a href=\"http:\/\/www.dailymotion.com\/video\/xp2iq2_val-art-le-val-autrement-visite-de-chantiers_lifestyle\" target=\"_blank\" rel=\"noopener noreferrer\">Le Val Art Autremen<\/a>t<\/em> par DiviPassion<\/p>\n<p><em><a href=\"http:\/\/www.dailymotion.com\/video\/xkhacj_va-art-visite-de-la-fabuloserie_creation\" target=\"_blank\" rel=\"noopener noreferrer\">Visite de la fabuloserie<\/a><\/em><\/p>\n<p><a href=\"http:\/\/www.dailymotion.com\/video\/xfnr1x_terre-d-argile-de-serge-gastineau_lifestyle\" target=\"_blank\" rel=\"noopener noreferrer\"><em>Terre d&rsquo;argile<\/em> <\/a>de Serge Gastineau par DiviPassion<\/p>\n<p><a href=\"http:\/\/www.dailymotion.com\/video\/x18do2w_2eme-prix-petit-cheminot-de-maxime-fortino-au-7eme-festival-divipassion_shortfilms\" target=\"_blank\" rel=\"noopener noreferrer\"><em>Petit cheminot<\/em><\/a> de Maxime Fortino<\/p>\n<p><a href=\"http:\/\/www.dailymotion.com\/video\/xq9g6p_jardin-jovet_lifestyle\" target=\"_blank\" rel=\"noopener noreferrer\"><em>Visite du Jardin Jovet<\/em><\/a> \u00e0 Athis-Mons par DiviPassion<\/p>\n<p><a href=\"http:\/\/www.dailymotion.com\/video\/x18ly5p_prix-art-et-tradition-eric-une-rencontre-augeronne-au-7eme-festival-divipassion_shortfilms\" target=\"_blank\" rel=\"noopener noreferrer\"><em>Eric, une rencontre augeronne<\/em> <\/a>\u00a0de Chantal DELAHOUSSE, \u00a0prix Arts et traditions au 7e festival<\/p>\n<p><a href=\"http:\/\/www.dailymotion.com\/video\/x4jwb1u_balade-en-aquarelles-de-patrick-armenault_shortfilms\" target=\"_blank\" rel=\"noopener noreferrer\"><em>Ballade en Aquarelles<\/em><\/a> de Patrick Armenault<\/p>\n<p style=\"text-align: center;\"><strong><span style=\"color: #800080; font-size: 32px;\">Animations<\/span><\/strong><\/p>\n<p><span style=\"border-radius: 2px; text-indent: 20px; width: auto; padding: 0px 4px 0px 0px; text-align: center; font: bold 11px\/20px 'Helvetica Neue',Helvetica,sans-serif; color: #ffffff; background: #bd081c no-repeat scroll 3px 50% \/ 14px 14px; position: absolute; opacity: 1; z-index: 8675309; display: none; cursor: pointer; top: 41px; left: 49px;\">Enregistrer<\/span><\/p>\n<p><span style=\"border-radius: 2px; text-indent: 20px; width: auto; padding: 0px 4px 0px 0px; text-align: center; font: bold 11px\/20px 'Helvetica Neue',Helvetica,sans-serif; color: #ffffff; background: #bd081c  no-repeat scroll 3px 50% \/ 14px 14px; position: absolute; opacity: 1; z-index: 8675309; display: none; cursor: pointer; top: 111px; left: 49px;\">Enregistrer<\/span><\/p>\n","protected":false},"excerpt":{"rendered":"<p>Principales vid\u00e9os cr\u00e9\u00e9es par DiViPassion et\/ou ses membres Documentaires 2019-2020 : film sur la francophonie en Roumanie, suite au voyage d&rsquo;une \u00e9quipe DiViPassion \u00e0 Bucarest et Sina\u00efa pr\u00e9sent\u00e9 aux festivals DiViPassion 2021 et M\u00e9li\u00e8s 2022 avec le prix du meilleur &hellip; <a href=\"https:\/\/www.divipassion.com\/?page_id=8\">Lire la suite <span class=\"meta-nav\">&rarr;<\/span><\/a><\/p>\n","protected":false},"author":2,"featured_media":0,"parent":0,"menu_order":20,"comment_status":"open","ping_status":"closed","template":"","meta":{"footnotes":""},"class_list":["post-8","page","type-page","status-publish","hentry"],"_links":{"self":[{"href":"https:\/\/www.divipassion.com\/index.php?rest_route=\/wp\/v2\/pages\/8","targetHints":{"allow":["GET"]}}],"collection":[{"href":"https:\/\/www.divipassion.com\/index.php?rest_route=\/wp\/v2\/pages"}],"about":[{"href":"https:\/\/www.divipassion.com\/index.php?rest_route=\/wp\/v2\/types\/page"}],"author":[{"embeddable":true,"href":"https:\/\/www.divipassion.com\/index.php?rest_route=\/wp\/v2\/users\/2"}],"replies":[{"embeddable":true,"href":"https:\/\/www.divipassion.com\/index.php?rest_route=%2Fwp%2Fv2%2Fcomments&post=8"}],"version-history":[{"count":30,"href":"https:\/\/www.divipassion.com\/index.php?rest_route=\/wp\/v2\/pages\/8\/revisions"}],"predecessor-version":[{"id":1864,"href":"https:\/\/www.divipassion.com\/index.php?rest_route=\/wp\/v2\/pages\/8\/revisions\/1864"}],"wp:attachment":[{"href":"https:\/\/www.divipassion.com\/index.php?rest_route=%2Fwp%2Fv2%2Fmedia&parent=8"}],"curies":[{"name":"wp","href":"https:\/\/api.w.org\/{rel}","templated":true}]}}