{"id":5,"date":"2010-12-04T19:22:12","date_gmt":"2010-12-04T18:22:12","guid":{"rendered":"http:\/\/www.divipassion.com\/wordpress\/?page_id=2"},"modified":"2020-05-21T02:47:13","modified_gmt":"2020-05-21T01:47:13","slug":"a-propos","status":"publish","type":"page","link":"https:\/\/www.divipassion.com\/?page_id=5","title":{"rendered":"Pour nous contacter"},"content":{"rendered":"<p>N&rsquo;h\u00e9sitez pas \u00e0 nous contacter :<\/p>\n<p><a href=\"https:\/\/www.divipassion.com\/?page_id=833\" target=\"_blank\" rel=\"noopener noreferrer\">Formulaire de contact<\/a><\/p>\n<p><a href=\"https:\/\/www.divipassion.com\/?page_id=853\" target=\"_blank\" rel=\"noopener noreferrer\">Formulaire d&rsquo;adh\u00e9sion \u00e0 DiViPassion<\/a><\/p>\n","protected":false},"excerpt":{"rendered":"<p>N&rsquo;h\u00e9sitez pas \u00e0 nous contacter : Formulaire de contact Formulaire d&rsquo;adh\u00e9sion \u00e0 DiViPassion<\/p>\n","protected":false},"author":2,"featured_media":0,"parent":0,"menu_order":90,"comment_status":"closed","ping_status":"closed","template":"","meta":{"footnotes":""},"class_list":["post-5","page","type-page","status-publish","hentry"],"_links":{"self":[{"href":"https:\/\/www.divipassion.com\/index.php?rest_route=\/wp\/v2\/pages\/5","targetHints":{"allow":["GET"]}}],"collection":[{"href":"https:\/\/www.divipassion.com\/index.php?rest_route=\/wp\/v2\/pages"}],"about":[{"href":"https:\/\/www.divipassion.com\/index.php?rest_route=\/wp\/v2\/types\/page"}],"author":[{"embeddable":true,"href":"https:\/\/www.divipassion.com\/index.php?rest_route=\/wp\/v2\/users\/2"}],"replies":[{"embeddable":true,"href":"https:\/\/www.divipassion.com\/index.php?rest_route=%2Fwp%2Fv2%2Fcomments&post=5"}],"version-history":[{"count":15,"href":"https:\/\/www.divipassion.com\/index.php?rest_route=\/wp\/v2\/pages\/5\/revisions"}],"predecessor-version":[{"id":1245,"href":"https:\/\/www.divipassion.com\/index.php?rest_route=\/wp\/v2\/pages\/5\/revisions\/1245"}],"wp:attachment":[{"href":"https:\/\/www.divipassion.com\/index.php?rest_route=%2Fwp%2Fv2%2Fmedia&parent=5"}],"curies":[{"name":"wp","href":"https:\/\/api.w.org\/{rel}","templated":true}]}}