{"id":11,"date":"2010-12-04T20:41:37","date_gmt":"2010-12-04T19:41:37","guid":{"rendered":"http:\/\/www.divipassion.com\/?page_id=11"},"modified":"2016-07-05T09:05:54","modified_gmt":"2016-07-05T08:05:54","slug":"loffre-associative","status":"publish","type":"page","link":"https:\/\/www.divipassion.com\/?page_id=11","title":{"rendered":"L&rsquo;offre aux associations"},"content":{"rendered":"<h3 style=\"text-align: center;\">Associations, montrez votre savoir-faire en vid\u00e9os!<\/h3>\n<p><strong>N&rsquo;h\u00e9sitez plus, votre activit\u00e9 et l&rsquo;\u00e9nergie que vous d\u00e9pensez dans votre association doivent \u00eatre valoris\u00e9es. Chacun sait qu&rsquo;une image peut en dire beaucoup plus qu&rsquo;un discours aussi bien pr\u00e9par\u00e9 soit-il. L&rsquo;image a de l&rsquo;impact, la vid\u00e9o en a encore plus. DVP vous propose deux solutions pour vous permettre de mieux parler de vous et de vous faire connaitre: le spot de pr\u00e9sentation g\u00e9n\u00e9rale ou le tournage d&rsquo;\u00e9v\u00e8nements importants. <\/strong><\/p>\n<h4 style=\"text-align: center;\">Le spot de pr\u00e9sentation g\u00e9n\u00e9rale<\/h4>\n<p>C&rsquo;est un DVD pr\u00e9par\u00e9 par nos soin selon vos directives. D&rsquo;une dur\u00e9e de 3 mns, il retrace les activit\u00e9s de l&rsquo;association depuis sa cr\u00e9ation gr\u00e2ce \u00e0 des interventions diverses: le pr\u00e9sident, les membres du bureau, les adh\u00e9rents&#8230;et souligne vos points forts.<\/p>\n<h4 style=\"text-align: center;\">Le tournage d&rsquo;\u00e9v\u00e8nements<\/h4>\n<p>Cette formule implique la pr\u00e9sence de notre \u00e9quipe lors de la manifestation mais aussi lors de r\u00e9unions pr\u00e9paratoires. Elle permet de montrer votre savoir-faire sur des \u00e9v\u00e9nements pr\u00e9cis. Le format (dur\u00e9e) du DVD d\u00e9pendra de l&rsquo;importance de l&rsquo;\u00e9v\u00e9nement.<\/p>\n<p><strong>Pour tous renseignements appelez-nous au 0608331790 ou envoyez-nous un email. Quels que soient vos besoins peut-\u00eatre pourrons-nous vous conseiller.<\/strong><\/p>\n<p><a href=\"https:\/\/www.divipassion.com\/?page_id=833\" target=\"_blank\">Formulaire de contact<\/a><\/p>\n","protected":false},"excerpt":{"rendered":"<p>Associations, montrez votre savoir-faire en vid\u00e9os! N&rsquo;h\u00e9sitez plus, votre activit\u00e9 et l&rsquo;\u00e9nergie que vous d\u00e9pensez dans votre association doivent \u00eatre valoris\u00e9es. Chacun sait qu&rsquo;une image peut en dire beaucoup plus qu&rsquo;un discours aussi bien pr\u00e9par\u00e9 soit-il. L&rsquo;image a de l&rsquo;impact, &hellip; <a href=\"https:\/\/www.divipassion.com\/?page_id=11\">Lire la suite <span class=\"meta-nav\">&rarr;<\/span><\/a><\/p>\n","protected":false},"author":2,"featured_media":0,"parent":687,"menu_order":0,"comment_status":"closed","ping_status":"open","template":"","meta":{"footnotes":""},"class_list":["post-11","page","type-page","status-publish","hentry"],"_links":{"self":[{"href":"https:\/\/www.divipassion.com\/index.php?rest_route=\/wp\/v2\/pages\/11","targetHints":{"allow":["GET"]}}],"collection":[{"href":"https:\/\/www.divipassion.com\/index.php?rest_route=\/wp\/v2\/pages"}],"about":[{"href":"https:\/\/www.divipassion.com\/index.php?rest_route=\/wp\/v2\/types\/page"}],"author":[{"embeddable":true,"href":"https:\/\/www.divipassion.com\/index.php?rest_route=\/wp\/v2\/users\/2"}],"replies":[{"embeddable":true,"href":"https:\/\/www.divipassion.com\/index.php?rest_route=%2Fwp%2Fv2%2Fcomments&post=11"}],"version-history":[{"count":7,"href":"https:\/\/www.divipassion.com\/index.php?rest_route=\/wp\/v2\/pages\/11\/revisions"}],"predecessor-version":[{"id":885,"href":"https:\/\/www.divipassion.com\/index.php?rest_route=\/wp\/v2\/pages\/11\/revisions\/885"}],"up":[{"embeddable":true,"href":"https:\/\/www.divipassion.com\/index.php?rest_route=\/wp\/v2\/pages\/687"}],"wp:attachment":[{"href":"https:\/\/www.divipassion.com\/index.php?rest_route=%2Fwp%2Fv2%2Fmedia&parent=11"}],"curies":[{"name":"wp","href":"https:\/\/api.w.org\/{rel}","templated":true}]}}